1144276
-161361 (base 13) to base 5
-114423232
Convert 20020120232 (base 4) to base 9.
4007775
What is -4470b (base 14) in base 13?
-5a750
What is -2310125 (base 7) in base 8?
-1062674
What is 1100011011001111 (base 2) in base 16?
c6cf
What is -47d6ca (base 14) in base 7?
-26612643
Convert 31223 (base 4) to base 3.
1012102
What is 262047 (base 10) in base 13?
92376
What is -281120 (base 10) in base 2?
-1000100101000100000
What is -1120122333 (base 4) in base 15?
-724a0
Convert 23478a1 (base 11) to base 12.
1455b17
4d0675 (base 15) to base 8
16064675
17485 (base 16) to base 4
113102011
Convert 111001010011100000 (base 2) to base 10.
234720
-2253340 (base 7) to base 15
-588d1
What is -12111232330 (base 4) in base 12?
-6818a4
6a1910 (base 12) to base 16
19fddc
b0464b (base 13) to base 11
2346a49
What is -237030 (base 9) in base 10?
-142911
20020003 (base 4) to base 5
2031113
Convert 10371 (base 8) to base 7.
15445
What is 212b47 (base 12) in base 11?
328345
What is -543739 (base 10) in base 16?
-84bfb
What is 1189786 (base 10) in base 9?
2213064
105026 (base 8) to base 4
20220112
Convert -82a05 (base 11) to base 7.
-1012533
Convert 1303230304 (base 5) to base 16.
30862f
-2188336 (base 9) to base 8
-4401557
Convert -1101313131 (base 4) to base 16.
-51ddd
-1443413 (base 6) to base 12
-40569
10384 (base 14) to base 16
98d0
Convert 101011001001101010010 (base 2) to base 8.
5311522
What is -13130223 (base 5) in base 7?
-1051123
5510320 (base 6) to base 3
111220021110
Convert 10858499 (base 10) to base 4.
221123000003
What is 2452501 (base 7) in base 10?
315463
-46303063 (base 7) to base 13
-abb197
What is a63582 (base 11) in base 8?
6376204
Convert 12117b (base 13) to base 3.
210220001122
-308338 (base 10) to base 11
-1a0728
-12101220111 (base 3) to base 7
-622051
-27e8 (base 15) to base 14
-3183
What is -670a4a (base 15) in base 11?
-2856194
What is 8c142 (base 16) in base 7?
4606530
1476 (base 15) to base 13
1cc5
What is -52532400 (base 6) in base 9?
-2801410
What is -a94f8 (base 16) in base 4?
-2221103320
What is -40421400 (base 5) in base 16?
-4fb4b
-601152 (base 7) to base 3
-12010220210
What is 2157040 (base 8) in base 16?
8de20
Convert 921958 (base 13) to base 3.
20101212102101
a61b3 (base 12) to base 2
110101001110010111
10321121101 (base 4) to base 5
312034130
Convert -1200011022221 (base 3) to base 5.
-211421032
105055015 (base 6) to base 13
523193
156120244 (base 7) to base 15
de8b34
What is 241064 (base 8) in base 13?
2b70c
What is 4037524 (base 9) in base 10?
2150977
-28088 (base 10) to base 2
-110110110111000
-24b67 (base 14) to base 13
-31cb4
What is 351664 (base 11) in base 16?
88595
Convert -30233512 (base 8) to base 6.
-344320014
Convert b10a97 (base 13) to base 12.
1465172
-2a8245 (base 15) to base 14
-3b6003
What is 7082018 (base 9) in base 5?
1431232200
210485 (base 12) to base 14
d724d
-322232340 (base 5) to base 9
-2514287
Convert -57149 (base 11) to base 3.
-11012102211
Convert -111101000111001 (base 2) to base 6.
-400505
What is a78b1 (base 12) in base 14?
5a633
-389d0a (base 16) to base 8
-16116412
Convert -4b58540 (base 12) to base 10.
-14799360
What is -29c76 (base 16) in base 6?
-3400130
Convert -3233103311 (base 4) to base 8.
-3572365
-4962d (base 16) to base 8
-1113055
Convert -16274223 (base 8) to base 10.
-3766419
What is 4c85c7 (base 13) in base 11?
1051326
What is 353030114 (base 6) in base 13?
149613a
What is 14142320 (base 5) in base 7?
1150235
185807 (base 14) to base 3
1121201022102
Convert -3606146 (base 7) to base 8.
-1572372
What is -19984c (base 13) in base 9?
-1188881
-6905f8 (base 16) to base 4
-122100113320
What is 552522 (base 8) in base 12?
8b556
Convert -112121222001 (base 3) to base 12.
-11a761
-10010101010010111010 (base 2) to base 14
-11cbd8
What is -2221101222 (base 3) in base 12?
-295bb
What is -112120220110210 (base 3) in base 2?
-11101100100111000101100
112102020000121 (base 3) to base 5
3430123302
111001011000101111011 (base 2) to base 8
7130573
What is 854378 (base 10) in base 7?
10155620
Convert -76399c (base 13) to base 6.
-135320054
Convert 1010110111010101 (base 2) to base 10.
44501
Convert -214033032 (base 5) to base 15.
-133c47
Convert -4607002 (base 8) to base 2.
-100110000111000000010
Convert -320031021 (base 4) to base 12.
-b1289
What is -4404420 (base 5) in base 8?
-223532
Convert -1540141 (base 7) to base 6.
-4310314
What is -7c6963 (base 15) in base 13?
-1302258
What is -221221122102 (base 3) in base 15?
-a1515
Convert 10263994 (base 10) to base 2.
100111001001110110111010
What is 3a40f (base 16) in base 4?
322100033
Convert d0c93a (base 14) to base 16.
6b3718
26631444 (base 9) to base 12
449221a
What is -3365ab (base 12) in base 11?
-510025
-4bc8c (base 16) to base 6
-10353032
What is 283232 (base 13) in base 7?
11212304
What is 11010101011010111010 (base 2) in base 15?
124030
What is -26c2 (base 14) in base 16?
-1ab2
What is -35601a (base 11) in base 12?
-232725
Convert -3ab4a1 (base 12) to base 4.
-3231223321
1c4859 (base 14) to base 8
3667357
What is 26767a3 (base 13) in base 15?
10dde1b
What is -9cb5a6 (base 15) in base 5?
-3403332111
Convert b52a2 (base 13) to base 8.
1173772
What is 203a823 (base 11) in base 3?
20202222010021
Convert 9137318 (base 10) to base 5.
4314343233
What is 1541515 (base 6) in base 13?
3262a
What is 1011101111111100110 (base 2) in base 6?
12130222
What is -1435085 (base 12) in base 11?
-2318584
-11140a6 (base 11) to base 15
-288898
-50545 (base 11) to base 5
-4330414
149404 (base 10) to base 5
14240104
What is 13fc60 (base 16) in base 15?
1ad147
What is 413a7 (base 13) in base 16?
1c95d
4322073 (base 9) to base 10
2317557
Convert -75a50 (base 14) to base 10.
-284662
What is -46ff0e (base 16) in base 4?
-101233330032
-1a17 (base 16) to base 4
-1220113
What is 3b9845 (base 13) in base 7?
15214111
Convert -66071 (base 9) to base 7.
-241465
-1002120021210 (base 3) to base 11
-368258
Convert 12241011 (base 6) to base 2.
1100000001111011111
What is -11012122022 (base 3) in base 9?
-135568
Convert 10100100110110110 (base 2) to base 13.
2c55a
210011202122 (base 3) to base 15
8377b
Convert 764945 (base 11) to base 14.
23b2db
What is -101101011010010000010 (base 2) in base 11?
-926a5a
16321 (base 11) to base 3
1011120100
What is 214513 (base 12) in base 11?
32a255
752683 (base 9) to base 6
13334503
Convert -10100010011100010000 (base 2) to base 12.
-281068
-1e95a9 (base 16) to base 5
-1003120033
2300400 (base 7) to base 6
10043403
Convert 5624063 (base 8) to base 14.
2b70d5
-6606 (base 11) to base 15
-28b3
What is 1001002122010110 (base 3) in base 8?
70754350
What is 3102794 (base 11) in base 5?
2400314341
What is 36bafe (base 16) in base 9?
6666158
What is d5da0 (base 15) in base 10?
678075
214531 (base 10) to base 11
1371a9
What is -92897 (base 10) in base 3?
-11201102122
-2011111220 (base 3) to base 7
-235236
Convert 23034313 (base 6) to base 5.
140022314
What is -3500033 (base 8) in base 4?
-3220000123
Convert 17676117 (base 8) to base 9.
7741228
Convert 520313 (base 6) to base 16.
a275
Convert 29445 (base 12) to base 8.
160465
What is 13020212003 (base 4) in base 16?
1c8983
-13223443 (base 8) to base 13
-7c7b91
6bedb9 (base 15) to base 2
10011101100100111010010
-7c62 (base 14) to base 4
-11102032
What is -4a268b (base 12) in base 9?
-2238758
Convert -1134400044 (base 5) to base 16.
-287bdd
101100102120 (base 3) to base 7
1505613
-4120005 (base 6) to base 12
-96005
What is -80035 (base 10) in base 7?
-452224
58348 (base 12) to base 10
117992
7816c0 (base 13) to base 11
16639a1
317241 (base 8) to base 14
2a97b
18c4c06 (base 13) to base 12
2890a17
Convert 35804 (base 12) to base 9.
118684
178401 (base 9) to base 8
331035
Convert 535249 (base 12) to base 2.
101000001001000011001
Convert 1010001101001101001 (base 2) to base 14.
89c49
Convert -8fc79 (base 16) to base 8.
-2176171
31110011 (base 5) to base 16
3df3c
23303 (base 4) to base 3
1000222
What is -4653714 (base 9) in base 12?
-a1397a
Convert -6516163 (base 7) to base 16.
-c1f72
What is -98b34a (base 12) in base 7?
-26416414
What is -187e11 (base 16) in base 4?
-12013320101
-211021010120 (base 3) to base 10
-438225
What is 21110663 (base 7) in base 4?
12303213122
Convert 1012111211121 (base 3) to base 